{"id":1642,"date":"2023-12-03T15:12:16","date_gmt":"2023-12-03T15:12:16","guid":{"rendered":"http:\/\/solvang.pt\/?page_id=1642"},"modified":"2023-12-12T17:59:24","modified_gmt":"2023-12-12T17:59:24","slug":"suporte-hardware","status":"publish","type":"page","link":"https:\/\/www.solvang.pt\/index.php\/suporte-hardware\/","title":{"rendered":"Suporte | Hardware"},"content":{"rendered":"\t\t<div data-elementor-type=\"wp-page\" data-elementor-id=\"1642\" class=\"elementor elementor-1642\" data-elementor-settings=\"{&quot;ha_cmc_init_switcher&quot;:&quot;no&quot;}\">\n\t\t\t\t\t\t<section class=\"elementor-section elementor-top-section elementor-element elementor-element-2def5c2 elementor-section-boxed elementor-section-height-default elementor-section-height-default\" data-id=\"2def5c2\" data-element_type=\"section\" data-e-type=\"section\" data-settings=\"{&quot;_ha_eqh_enable&quot;:false}\">\n\t\t\t\t\t\t<div class=\"elementor-container elementor-column-gap-default\">\n\t\t\t\t\t<div class=\"elementor-column elementor-col-100 elementor-top-column elementor-element elementor-element-ca1f733\" data-id=\"ca1f733\" data-element_type=\"column\" data-e-type=\"column\">\n\t\t\t<div class=\"elementor-widget-wrap elementor-element-populated\">\n\t\t\t\t\t\t<div class=\"elementor-element elementor-element-b4320e0 elementor-invisible elementor-widget elementor-widget-heading\" data-id=\"b4320e0\" data-element_type=\"widget\" data-e-type=\"widget\" data-settings=\"{&quot;_animation&quot;:&quot;fadeInRight&quot;}\" data-widget_type=\"heading.default\">\n\t\t\t\t<div class=\"elementor-widget-container\">\n\t\t\t\t\t<h2 class=\"elementor-heading-title elementor-size-default\">PERGUNTAS FREQUENTES<\/h2>\t\t\t\t<\/div>\n\t\t\t\t<\/div>\n\t\t\t\t\t<\/div>\n\t\t<\/div>\n\t\t\t\t\t<\/div>\n\t\t<\/section>\n\t\t\t\t<section class=\"elementor-section elementor-top-section elementor-element elementor-element-1b1c54c elementor-section-boxed elementor-section-height-default elementor-section-height-default\" data-id=\"1b1c54c\" data-element_type=\"section\" data-e-type=\"section\" data-settings=\"{&quot;_ha_eqh_enable&quot;:false}\">\n\t\t\t\t\t\t<div class=\"elementor-container elementor-column-gap-default\">\n\t\t\t\t\t<div class=\"elementor-column elementor-col-100 elementor-top-column elementor-element elementor-element-c6563a1\" data-id=\"c6563a1\" data-element_type=\"column\" data-e-type=\"column\">\n\t\t\t<div class=\"elementor-widget-wrap elementor-element-populated\">\n\t\t\t\t\t\t<div class=\"elementor-element elementor-element-497b020 elementor-widget elementor-widget-spacer\" data-id=\"497b020\" data-element_type=\"widget\" data-e-type=\"widget\" data-widget_type=\"spacer.default\">\n\t\t\t\t<div class=\"elementor-widget-container\">\n\t\t\t\t\t\t\t<div class=\"elementor-spacer\">\n\t\t\t<div class=\"elementor-spacer-inner\"><\/div>\n\t\t<\/div>\n\t\t\t\t\t\t<\/div>\n\t\t\t\t<\/div>\n\t\t\t\t\t<\/div>\n\t\t<\/div>\n\t\t\t\t\t<\/div>\n\t\t<\/section>\n\t\t\t\t<section class=\"elementor-section elementor-top-section elementor-element elementor-element-968f791 elementor-section-boxed elementor-section-height-default elementor-section-height-default\" data-id=\"968f791\" data-element_type=\"section\" data-e-type=\"section\" data-settings=\"{&quot;_ha_eqh_enable&quot;:false}\">\n\t\t\t\t\t\t<div class=\"elementor-container elementor-column-gap-default\">\n\t\t\t\t\t<div class=\"elementor-column elementor-col-100 elementor-top-column elementor-element elementor-element-974a255\" data-id=\"974a255\" data-element_type=\"column\" data-e-type=\"column\">\n\t\t\t<div class=\"elementor-widget-wrap\">\n\t\t\t\t\t\t\t<\/div>\n\t\t<\/div>\n\t\t\t\t\t<\/div>\n\t\t<\/section>\n\t\t\t\t<section class=\"elementor-section elementor-top-section elementor-element elementor-element-2dc2446 elementor-section-boxed elementor-section-height-default elementor-section-height-default\" data-id=\"2dc2446\" data-element_type=\"section\" data-e-type=\"section\" data-settings=\"{&quot;_ha_eqh_enable&quot;:false}\">\n\t\t\t\t\t\t<div class=\"elementor-container elementor-column-gap-default\">\n\t\t\t\t\t<div class=\"elementor-column elementor-col-100 elementor-top-column elementor-element elementor-element-f8cffb6\" data-id=\"f8cffb6\" data-element_type=\"column\" data-e-type=\"column\">\n\t\t\t<div class=\"elementor-widget-wrap elementor-element-populated\">\n\t\t\t\t\t\t<div class=\"elementor-element elementor-element-a324735 elementor-widget elementor-widget-spacer\" data-id=\"a324735\" data-element_type=\"widget\" data-e-type=\"widget\" data-widget_type=\"spacer.default\">\n\t\t\t\t<div class=\"elementor-widget-container\">\n\t\t\t\t\t\t\t<div class=\"elementor-spacer\">\n\t\t\t<div class=\"elementor-spacer-inner\"><\/div>\n\t\t<\/div>\n\t\t\t\t\t\t<\/div>\n\t\t\t\t<\/div>\n\t\t\t\t\t<\/div>\n\t\t<\/div>\n\t\t\t\t\t<\/div>\n\t\t<\/section>\n\t\t\t\t<section class=\"elementor-section elementor-top-section elementor-element elementor-element-29c39eb elementor-section-boxed elementor-section-height-default elementor-section-height-default\" data-id=\"29c39eb\" data-element_type=\"section\" data-e-type=\"section\" data-settings=\"{&quot;_ha_eqh_enable&quot;:false}\">\n\t\t\t\t\t\t<div class=\"elementor-container elementor-column-gap-default\">\n\t\t\t\t\t<div class=\"elementor-column elementor-col-25 elementor-top-column elementor-element elementor-element-272a3b8\" data-id=\"272a3b8\" data-element_type=\"column\" data-e-type=\"column\">\n\t\t\t<div class=\"elementor-widget-wrap elementor-element-populated\">\n\t\t\t\t\t\t<div class=\"elementor-element elementor-element-5326319 elementor-widget elementor-widget-image\" data-id=\"5326319\" data-element_type=\"widget\" data-e-type=\"widget\" data-widget_type=\"image.default\">\n\t\t\t\t<div class=\"elementor-widget-container\">\n\t\t\t\t\t\t\t\t\t\t\t\t\t\t\t<img decoding=\"async\" width=\"250\" height=\"140\" src=\"https:\/\/www.solvang.pt\/wp-content\/uploads\/2023\/12\/computer-repair.webp\" class=\"attachment-large size-large wp-image-2128\" alt=\"\" \/>\t\t\t\t\t\t\t\t\t\t\t\t\t\t\t<\/div>\n\t\t\t\t<\/div>\n\t\t\t\t<div class=\"elementor-element elementor-element-f16bc9c elementor-widget elementor-widget-heading\" data-id=\"f16bc9c\" data-element_type=\"widget\" data-e-type=\"widget\" data-widget_type=\"heading.default\">\n\t\t\t\t<div class=\"elementor-widget-container\">\n\t\t\t\t\t<h2 class=\"elementor-heading-title elementor-size-default\">Presencial<\/h2>\t\t\t\t<\/div>\n\t\t\t\t<\/div>\n\t\t\t\t<div class=\"elementor-element elementor-element-f59e1e5 elementor-widget elementor-widget-text-editor\" data-id=\"f59e1e5\" data-element_type=\"widget\" data-e-type=\"widget\" data-widget_type=\"text-editor.default\">\n\t\t\t\t<div class=\"elementor-widget-container\">\n\t\t\t\t\t\t\t\t\t<p>H\u00e1 v\u00e1rias situa\u00e7\u00f5es em que \u00e9 inevit\u00e1vel a assist\u00eancia presenciai, e nesses casos estamos dispon\u00edveis para nos deslocarmos \u00e0s instala\u00e7\u00f5es do Cliente. Nos dias de hoje esta possibilidade dever\u00e1 ser a \u00faltima hip\u00f3tese para evitar custos para o Cliente.<br><\/p>\t\t\t\t\t\t\t\t<\/div>\n\t\t\t\t<\/div>\n\t\t\t\t\t<\/div>\n\t\t<\/div>\n\t\t\t\t<div class=\"elementor-column elementor-col-25 elementor-top-column elementor-element elementor-element-c4484aa\" data-id=\"c4484aa\" data-element_type=\"column\" data-e-type=\"column\">\n\t\t\t<div class=\"elementor-widget-wrap elementor-element-populated\">\n\t\t\t\t\t\t<div class=\"elementor-element elementor-element-4815f15 elementor-widget elementor-widget-image\" data-id=\"4815f15\" data-element_type=\"widget\" data-e-type=\"widget\" data-widget_type=\"image.default\">\n\t\t\t\t<div class=\"elementor-widget-container\">\n\t\t\t\t\t\t\t\t\t\t\t\t\t\t\t<img decoding=\"async\" width=\"240\" height=\"73\" src=\"https:\/\/www.solvang.pt\/wp-content\/uploads\/2023\/12\/Teamviewer.jpg\" class=\"attachment-large size-large wp-image-2125\" alt=\"\" \/>\t\t\t\t\t\t\t\t\t\t\t\t\t\t\t<\/div>\n\t\t\t\t<\/div>\n\t\t\t\t<div class=\"elementor-element elementor-element-dc7e724 elementor-widget elementor-widget-heading\" data-id=\"dc7e724\" data-element_type=\"widget\" data-e-type=\"widget\" data-widget_type=\"heading.default\">\n\t\t\t\t<div class=\"elementor-widget-container\">\n\t\t\t\t\t<h2 class=\"elementor-heading-title elementor-size-default\">Teamviewer<\/h2>\t\t\t\t<\/div>\n\t\t\t\t<\/div>\n\t\t\t\t<div class=\"elementor-element elementor-element-2db7ccf elementor-widget elementor-widget-text-editor\" data-id=\"2db7ccf\" data-element_type=\"widget\" data-e-type=\"widget\" data-widget_type=\"text-editor.default\">\n\t\t\t\t<div class=\"elementor-widget-container\">\n\t\t\t\t\t\t\t\t\t<p>A Solvang subscreve licen\u00e7as desta plataforma l\u00edder no campo da assist\u00eancia remota. Apesar de ter um custo elevado, permite o acesso com elevada seguran\u00e7a nomeadamente nos casos t\u00e9cnicos mais adversos. se ainda n\u00e3o o possui clique no bot\u00e3o para obter a <span style=\"text-decoration: underline;\">vers\u00e3o gratuita<\/span> para receber assist\u00eancia remota segura.<\/p>\t\t\t\t\t\t\t\t<\/div>\n\t\t\t\t<\/div>\n\t\t\t\t\t<\/div>\n\t\t<\/div>\n\t\t\t\t<div class=\"elementor-column elementor-col-25 elementor-top-column elementor-element elementor-element-4f18ba2\" data-id=\"4f18ba2\" data-element_type=\"column\" data-e-type=\"column\">\n\t\t\t<div class=\"elementor-widget-wrap elementor-element-populated\">\n\t\t\t\t\t\t<div class=\"elementor-element elementor-element-d0f6f23 elementor-widget elementor-widget-image\" data-id=\"d0f6f23\" data-element_type=\"widget\" data-e-type=\"widget\" data-widget_type=\"image.default\">\n\t\t\t\t<div class=\"elementor-widget-container\">\n\t\t\t\t\t\t\t\t\t\t\t\t\t\t\t<img fetchpriority=\"high\" decoding=\"async\" width=\"1006\" height=\"374\" src=\"https:\/\/www.solvang.pt\/wp-content\/uploads\/2023\/12\/quick-assist-flow.jpg\" class=\"attachment-large size-large wp-image-2127\" alt=\"\" srcset=\"https:\/\/www.solvang.pt\/wp-content\/uploads\/2023\/12\/quick-assist-flow.jpg 1006w, https:\/\/www.solvang.pt\/wp-content\/uploads\/2023\/12\/quick-assist-flow-300x112.jpg 300w, https:\/\/www.solvang.pt\/wp-content\/uploads\/2023\/12\/quick-assist-flow-768x286.jpg 768w, https:\/\/www.solvang.pt\/wp-content\/uploads\/2023\/12\/quick-assist-flow-600x223.jpg 600w\" sizes=\"(max-width: 1006px) 100vw, 1006px\" \/>\t\t\t\t\t\t\t\t\t\t\t\t\t\t\t<\/div>\n\t\t\t\t<\/div>\n\t\t\t\t<div class=\"elementor-element elementor-element-56a6bb5 elementor-widget elementor-widget-heading\" data-id=\"56a6bb5\" data-element_type=\"widget\" data-e-type=\"widget\" data-widget_type=\"heading.default\">\n\t\t\t\t<div class=\"elementor-widget-container\">\n\t\t\t\t\t<h2 class=\"elementor-heading-title elementor-size-default\">Assist\u00eancia Windows<\/h2>\t\t\t\t<\/div>\n\t\t\t\t<\/div>\n\t\t\t\t<div class=\"elementor-element elementor-element-6f33fdd elementor-widget elementor-widget-text-editor\" data-id=\"6f33fdd\" data-element_type=\"widget\" data-e-type=\"widget\" data-widget_type=\"text-editor.default\">\n\t\t\t\t<div class=\"elementor-widget-container\">\n\t\t\t\t\t\t\t\t\t<p>O Windows 10 e 11 incluiem um procedimento para desencadear uma assist\u00eancia. Se o seu PC funciona com o Windows procure na caixa de pesquisa: &#8220;Assist\u00eancia R\u00e1pida&#8221;. O seu t\u00e9cnico ir\u00e1 dizer-lhe qual \u00e9 o C\u00f3digo de Seguran\u00e7a para a sess\u00e3o de Assist\u00eancia.<\/p>\t\t\t\t\t\t\t\t<\/div>\n\t\t\t\t<\/div>\n\t\t\t\t\t<\/div>\n\t\t<\/div>\n\t\t\t\t<div class=\"elementor-column elementor-col-25 elementor-top-column elementor-element elementor-element-5ffbac1\" data-id=\"5ffbac1\" data-element_type=\"column\" data-e-type=\"column\">\n\t\t\t<div class=\"elementor-widget-wrap elementor-element-populated\">\n\t\t\t\t\t\t<div class=\"elementor-element elementor-element-64ca3a8 elementor-widget elementor-widget-image\" data-id=\"64ca3a8\" data-element_type=\"widget\" data-e-type=\"widget\" data-widget_type=\"image.default\">\n\t\t\t\t<div class=\"elementor-widget-container\">\n\t\t\t\t\t\t\t\t\t\t\t\t\t\t\t<img loading=\"lazy\" decoding=\"async\" width=\"1024\" height=\"509\" src=\"https:\/\/www.solvang.pt\/wp-content\/uploads\/2023\/12\/Hero-Teamsv2-1024x509.jpeg\" class=\"attachment-large size-large wp-image-2126\" alt=\"\" srcset=\"https:\/\/www.solvang.pt\/wp-content\/uploads\/2023\/12\/Hero-Teamsv2-1024x509.jpeg 1024w, https:\/\/www.solvang.pt\/wp-content\/uploads\/2023\/12\/Hero-Teamsv2-300x149.jpeg 300w, https:\/\/www.solvang.pt\/wp-content\/uploads\/2023\/12\/Hero-Teamsv2-768x382.jpeg 768w, https:\/\/www.solvang.pt\/wp-content\/uploads\/2023\/12\/Hero-Teamsv2-1536x764.jpeg 1536w, https:\/\/www.solvang.pt\/wp-content\/uploads\/2023\/12\/Hero-Teamsv2-2048x1019.jpeg 2048w, https:\/\/www.solvang.pt\/wp-content\/uploads\/2023\/12\/Hero-Teamsv2-600x298.jpeg 600w\" sizes=\"(max-width: 1024px) 100vw, 1024px\" \/>\t\t\t\t\t\t\t\t\t\t\t\t\t\t\t<\/div>\n\t\t\t\t<\/div>\n\t\t\t\t<div class=\"elementor-element elementor-element-0f2c438 elementor-widget elementor-widget-heading\" data-id=\"0f2c438\" data-element_type=\"widget\" data-e-type=\"widget\" data-widget_type=\"heading.default\">\n\t\t\t\t<div class=\"elementor-widget-container\">\n\t\t\t\t\t<h2 class=\"elementor-heading-title elementor-size-default\">Teams<\/h2>\t\t\t\t<\/div>\n\t\t\t\t<\/div>\n\t\t\t\t<div class=\"elementor-element elementor-element-6573515 elementor-widget elementor-widget-text-editor\" data-id=\"6573515\" data-element_type=\"widget\" data-e-type=\"widget\" data-widget_type=\"text-editor.default\">\n\t\t\t\t<div class=\"elementor-widget-container\">\n\t\t\t\t\t\t\t\t\t<p>Ainda jovem, O Teams \u00e9 o novo sistema de colabora\u00e7\u00e3o interno e externo que\u00a0 inclui entre muitas outras funcionalidades a possibilidade de assist\u00eancia remota. Estabele\u00e7a uma conversa e via Teams para podermos assisti-lo. Se ainda n\u00e3o possui o Teams use o bot\u00e3o abaixo para o descarregar.<\/p>\t\t\t\t\t\t\t\t<\/div>\n\t\t\t\t<\/div>\n\t\t\t\t\t<\/div>\n\t\t<\/div>\n\t\t\t\t\t<\/div>\n\t\t<\/section>\n\t\t\t\t<section class=\"elementor-section elementor-top-section elementor-element elementor-element-c2c4cb8 elementor-section-boxed elementor-section-height-default elementor-section-height-default\" data-id=\"c2c4cb8\" data-element_type=\"section\" data-e-type=\"section\" data-settings=\"{&quot;_ha_eqh_enable&quot;:false}\">\n\t\t\t\t\t\t<div class=\"elementor-container elementor-column-gap-default\">\n\t\t\t\t\t<div class=\"elementor-column elementor-col-100 elementor-top-column elementor-element elementor-element-c16a402\" data-id=\"c16a402\" data-element_type=\"column\" data-e-type=\"column\">\n\t\t\t<div class=\"elementor-widget-wrap elementor-element-populated\">\n\t\t\t\t\t\t<div class=\"elementor-element elementor-element-88e2297 elementor-widget elementor-widget-spacer\" data-id=\"88e2297\" data-element_type=\"widget\" data-e-type=\"widget\" data-widget_type=\"spacer.default\">\n\t\t\t\t<div class=\"elementor-widget-container\">\n\t\t\t\t\t\t\t<div class=\"elementor-spacer\">\n\t\t\t<div class=\"elementor-spacer-inner\"><\/div>\n\t\t<\/div>\n\t\t\t\t\t\t<\/div>\n\t\t\t\t<\/div>\n\t\t\t\t\t<\/div>\n\t\t<\/div>\n\t\t\t\t\t<\/div>\n\t\t<\/section>\n\t\t\t\t<section class=\"elementor-section elementor-top-section elementor-element elementor-element-3285251 elementor-section-boxed elementor-section-height-default elementor-section-height-default\" data-id=\"3285251\" data-element_type=\"section\" data-e-type=\"section\" data-settings=\"{&quot;_ha_eqh_enable&quot;:false}\">\n\t\t\t\t\t\t<div class=\"elementor-container elementor-column-gap-default\">\n\t\t\t\t\t<div class=\"elementor-column elementor-col-33 elementor-top-column elementor-element elementor-element-0a66df0\" data-id=\"0a66df0\" data-element_type=\"column\" data-e-type=\"column\" data-settings=\"{&quot;animation&quot;:&quot;none&quot;}\">\n\t\t\t<div class=\"elementor-widget-wrap elementor-element-populated\">\n\t\t\t\t\t\t<div class=\"elementor-element elementor-element-32a4edc animated-slow elementor-invisible elementor-widget elementor-widget-image\" data-id=\"32a4edc\" data-element_type=\"widget\" data-e-type=\"widget\" data-settings=\"{&quot;_animation&quot;:&quot;slideInDown&quot;,&quot;_animation_delay&quot;:2000}\" data-widget_type=\"image.default\">\n\t\t\t\t<div class=\"elementor-widget-container\">\n\t\t\t\t\t\t\t\t\t\t\t\t\t\t\t\t<a href=\"http:\/\/solvang.pt\/index.php\/suporte-software-de-produtividade\/\">\n\t\t\t\t\t\t\t<img loading=\"lazy\" decoding=\"async\" width=\"1024\" height=\"859\" src=\"https:\/\/www.solvang.pt\/wp-content\/uploads\/2023\/11\/microsoft-365-anwendungen-1024x859.webp\" class=\"elementor-animation-shrink attachment-large size-large wp-image-1226\" alt=\"\" srcset=\"https:\/\/www.solvang.pt\/wp-content\/uploads\/2023\/11\/microsoft-365-anwendungen-1024x859.webp 1024w, https:\/\/www.solvang.pt\/wp-content\/uploads\/2023\/11\/microsoft-365-anwendungen-600x503.webp 600w, https:\/\/www.solvang.pt\/wp-content\/uploads\/2023\/11\/microsoft-365-anwendungen-300x252.webp 300w, https:\/\/www.solvang.pt\/wp-content\/uploads\/2023\/11\/microsoft-365-anwendungen-768x644.webp 768w, https:\/\/www.solvang.pt\/wp-content\/uploads\/2023\/11\/microsoft-365-anwendungen-1536x1288.webp 1536w, https:\/\/www.solvang.pt\/wp-content\/uploads\/2023\/11\/microsoft-365-anwendungen-320x268.webp 320w, https:\/\/www.solvang.pt\/wp-content\/uploads\/2023\/11\/microsoft-365-anwendungen-480x402.webp 480w, https:\/\/www.solvang.pt\/wp-content\/uploads\/2023\/11\/microsoft-365-anwendungen-800x671.webp 800w, https:\/\/www.solvang.pt\/wp-content\/uploads\/2023\/11\/microsoft-365-anwendungen.webp 1579w\" sizes=\"(max-width: 1024px) 100vw, 1024px\" \/>\t\t\t\t\t\t\t\t<\/a>\n\t\t\t\t\t\t\t\t\t\t\t\t\t\t\t<\/div>\n\t\t\t\t<\/div>\n\t\t\t\t<div class=\"elementor-element elementor-element-aa680f3 animated-slow elementor-invisible elementor-widget elementor-widget-heading\" data-id=\"aa680f3\" data-element_type=\"widget\" data-e-type=\"widget\" data-settings=\"{&quot;_animation&quot;:&quot;zoomIn&quot;}\" data-widget_type=\"heading.default\">\n\t\t\t\t<div class=\"elementor-widget-container\">\n\t\t\t\t\t<h5 class=\"elementor-heading-title elementor-size-default\">Suporte<div>Software&nbsp;<span style=\"font-family: var( --e-global-typography-primary-font-family ), Sans-serif;font-size: var(--h5fontsize);font-weight: var( --e-global-typography-primary-font-weight );letter-spacing: var(--h5letterspacing);text-transform: var(--h5texttransform);background-color: var(--nv-site-bg)\">de Produtividade<\/span><span style=\"font-family: var( --e-global-typography-primary-font-family ), Sans-serif;font-size: var(--h5fontsize);font-weight: var( --e-global-typography-primary-font-weight );letter-spacing: var(--h5letterspacing);text-transform: var(--h5texttransform);background-color: var(--nv-site-bg)\"><\/span><\/div><\/h5>\t\t\t\t<\/div>\n\t\t\t\t<\/div>\n\t\t\t\t\t<\/div>\n\t\t<\/div>\n\t\t\t\t<div class=\"elementor-column elementor-col-33 elementor-top-column elementor-element elementor-element-e9315ac\" data-id=\"e9315ac\" data-element_type=\"column\" data-e-type=\"column\">\n\t\t\t<div class=\"elementor-widget-wrap elementor-element-populated\">\n\t\t\t\t\t\t<div class=\"elementor-element elementor-element-dcdf293 animated-slow elementor-invisible elementor-widget elementor-widget-image\" data-id=\"dcdf293\" data-element_type=\"widget\" data-e-type=\"widget\" data-settings=\"{&quot;_animation&quot;:&quot;slideInDown&quot;,&quot;_animation_delay&quot;:2000}\" data-widget_type=\"image.default\">\n\t\t\t\t<div class=\"elementor-widget-container\">\n\t\t\t\t\t\t\t\t\t\t\t\t\t\t\t\t<a href=\"http:\/\/solvang.pt\/index.php\/suporte-software-de-gestao\/\">\n\t\t\t\t\t\t\t<img loading=\"lazy\" decoding=\"async\" width=\"1500\" height=\"1101\" src=\"https:\/\/www.solvang.pt\/wp-content\/uploads\/2023\/11\/Hardware.jpg\" class=\"elementor-animation-shrink attachment-1536x1536 size-1536x1536 wp-image-1269\" alt=\"\" srcset=\"https:\/\/www.solvang.pt\/wp-content\/uploads\/2023\/11\/Hardware.jpg 1500w, https:\/\/www.solvang.pt\/wp-content\/uploads\/2023\/11\/Hardware-600x440.jpg 600w, https:\/\/www.solvang.pt\/wp-content\/uploads\/2023\/11\/Hardware-300x220.jpg 300w, https:\/\/www.solvang.pt\/wp-content\/uploads\/2023\/11\/Hardware-1024x752.jpg 1024w, https:\/\/www.solvang.pt\/wp-content\/uploads\/2023\/11\/Hardware-768x564.jpg 768w, https:\/\/www.solvang.pt\/wp-content\/uploads\/2023\/11\/Hardware-320x235.jpg 320w, https:\/\/www.solvang.pt\/wp-content\/uploads\/2023\/11\/Hardware-480x352.jpg 480w, https:\/\/www.solvang.pt\/wp-content\/uploads\/2023\/11\/Hardware-800x587.jpg 800w\" sizes=\"(max-width: 1500px) 100vw, 1500px\" \/>\t\t\t\t\t\t\t\t<\/a>\n\t\t\t\t\t\t\t\t\t\t\t\t\t\t\t<\/div>\n\t\t\t\t<\/div>\n\t\t\t\t<div class=\"elementor-element elementor-element-f66a686 animated-slow elementor-invisible elementor-widget elementor-widget-heading\" data-id=\"f66a686\" data-element_type=\"widget\" data-e-type=\"widget\" data-settings=\"{&quot;_animation&quot;:&quot;zoomIn&quot;}\" data-widget_type=\"heading.default\">\n\t\t\t\t<div class=\"elementor-widget-container\">\n\t\t\t\t\t<h5 class=\"elementor-heading-title elementor-size-default\">Suporte&nbsp;<div>Software&nbsp;<span style=\"font-family: var( --e-global-typography-primary-font-family ), Sans-serif;font-size: var(--h5fontsize);font-weight: var( --e-global-typography-primary-font-weight );letter-spacing: var(--h5letterspacing);text-transform: var(--h5texttransform);background-color: var(--nv-site-bg)\">de Gest\u00e3o<\/span><span style=\"font-family: var( --e-global-typography-primary-font-family ), Sans-serif;font-size: var(--h5fontsize);font-weight: var( --e-global-typography-primary-font-weight );letter-spacing: var(--h5letterspacing);text-transform: var(--h5texttransform);background-color: var(--nv-site-bg)\"><\/span><\/div><\/h5>\t\t\t\t<\/div>\n\t\t\t\t<\/div>\n\t\t\t\t\t<\/div>\n\t\t<\/div>\n\t\t\t\t<div class=\"elementor-column elementor-col-33 elementor-top-column elementor-element elementor-element-e438819\" data-id=\"e438819\" data-element_type=\"column\" data-e-type=\"column\">\n\t\t\t<div class=\"elementor-widget-wrap elementor-element-populated\">\n\t\t\t\t\t\t<div class=\"elementor-element elementor-element-3d861ad animated-slow elementor-invisible elementor-widget elementor-widget-image\" data-id=\"3d861ad\" data-element_type=\"widget\" data-e-type=\"widget\" data-settings=\"{&quot;_animation&quot;:&quot;slideInDown&quot;,&quot;_animation_delay&quot;:2000}\" data-widget_type=\"image.default\">\n\t\t\t\t<div class=\"elementor-widget-container\">\n\t\t\t\t\t\t\t\t\t\t\t\t\t\t\t\t<a href=\"http:\/\/solvang.pt\/index.php\/suporte-ciberseguranca\/\">\n\t\t\t\t\t\t\t<img loading=\"lazy\" decoding=\"async\" width=\"1024\" height=\"1024\" src=\"https:\/\/www.solvang.pt\/wp-content\/uploads\/2023\/11\/2794206_Mesa-de-trabajo-1-1024x1024.png\" class=\"elementor-animation-shrink attachment-large size-large wp-image-1098\" alt=\"\" srcset=\"https:\/\/www.solvang.pt\/wp-content\/uploads\/2023\/11\/2794206_Mesa-de-trabajo-1-1024x1024.png 1024w, https:\/\/www.solvang.pt\/wp-content\/uploads\/2023\/11\/2794206_Mesa-de-trabajo-1-300x300.png 300w, https:\/\/www.solvang.pt\/wp-content\/uploads\/2023\/11\/2794206_Mesa-de-trabajo-1-100x100.png 100w, https:\/\/www.solvang.pt\/wp-content\/uploads\/2023\/11\/2794206_Mesa-de-trabajo-1-600x600.png 600w, https:\/\/www.solvang.pt\/wp-content\/uploads\/2023\/11\/2794206_Mesa-de-trabajo-1-150x150.png 150w, https:\/\/www.solvang.pt\/wp-content\/uploads\/2023\/11\/2794206_Mesa-de-trabajo-1-768x768.png 768w, https:\/\/www.solvang.pt\/wp-content\/uploads\/2023\/11\/2794206_Mesa-de-trabajo-1-1536x1536.png 1536w, https:\/\/www.solvang.pt\/wp-content\/uploads\/2023\/11\/2794206_Mesa-de-trabajo-1-2048x2048.png 2048w, https:\/\/www.solvang.pt\/wp-content\/uploads\/2023\/11\/2794206_Mesa-de-trabajo-1-320x320.png 320w, https:\/\/www.solvang.pt\/wp-content\/uploads\/2023\/11\/2794206_Mesa-de-trabajo-1-480x480.png 480w, https:\/\/www.solvang.pt\/wp-content\/uploads\/2023\/11\/2794206_Mesa-de-trabajo-1-800x800.png 800w\" sizes=\"(max-width: 1024px) 100vw, 1024px\" \/>\t\t\t\t\t\t\t\t<\/a>\n\t\t\t\t\t\t\t\t\t\t\t\t\t\t\t<\/div>\n\t\t\t\t<\/div>\n\t\t\t\t<div class=\"elementor-element elementor-element-567bd5c animated-slow elementor-invisible elementor-widget elementor-widget-heading\" data-id=\"567bd5c\" data-element_type=\"widget\" data-e-type=\"widget\" data-settings=\"{&quot;_animation&quot;:&quot;zoomIn&quot;}\" data-widget_type=\"heading.default\">\n\t\t\t\t<div class=\"elementor-widget-container\">\n\t\t\t\t\t<h5 class=\"elementor-heading-title elementor-size-default\"><a href=\"http:\/\/solvang.pt\/index.php\/suporte-hardware\/\">Suporte&nbsp;<br>Ciberseguran\u00e7a<span style=\"font-family: var( --e-global-typography-primary-font-family ), Sans-serif;font-size: var(--h5fontsize);font-weight: var( --e-global-typography-primary-font-weight );letter-spacing: var(--h5letterspacing);text-transform: var(--h5texttransform);background-color: var(--nv-site-bg)\"><\/span><\/a><\/h5>\t\t\t\t<\/div>\n\t\t\t\t<\/div>\n\t\t\t\t\t<\/div>\n\t\t<\/div>\n\t\t\t\t\t<\/div>\n\t\t<\/section>\n\t\t\t\t<\/div>\n\t\t","protected":false},"excerpt":{"rendered":"<p>PERGUNTAS FREQUENTES O computador n\u00e3o liga, nem sequer acende qualquer led Desligue o cabo de energia durante 30 segundos. Volte a ligar. Se o problema resultar da autoprote\u00e7\u00e3o contra sobretens\u00f5es o seu computador vai ligar normalmente. O Windows n\u00e3o responde a nenhum clique do rato Solu\u00e7\u00e3o 1: Prima em simult\u00e2neo em Ctrl+Alt+Delete. Se surgir a&hellip;&nbsp;<a href=\"https:\/\/www.solvang.pt\/index.php\/suporte-hardware\/\" class=\"\" rel=\"bookmark\">Ler mais &raquo;<span class=\"screen-reader-text\">Suporte | Hardware<\/span><\/a><\/p>\n","protected":false},"author":1,"featured_media":0,"parent":0,"menu_order":0,"comment_status":"closed","ping_status":"closed","template":"page-templates\/template-pagebuilder-full-width.php","meta":{"_eb_attr":"","neve_meta_sidebar":"","neve_meta_container":"default","neve_meta_enable_content_width":"on","neve_meta_content_width":70,"neve_meta_title_alignment":"","neve_meta_author_avatar":"","neve_post_elements_order":"","neve_meta_disable_header":"","neve_meta_disable_footer":"","neve_meta_disable_title":"off","_joinchat":[],"footnotes":""},"class_list":["post-1642","page","type-page","status-publish","hentry"],"_links":{"self":[{"href":"https:\/\/www.solvang.pt\/index.php\/wp-json\/wp\/v2\/pages\/1642","targetHints":{"allow":["GET"]}}],"collection":[{"href":"https:\/\/www.solvang.pt\/index.php\/wp-json\/wp\/v2\/pages"}],"about":[{"href":"https:\/\/www.solvang.pt\/index.php\/wp-json\/wp\/v2\/types\/page"}],"author":[{"embeddable":true,"href":"https:\/\/www.solvang.pt\/index.php\/wp-json\/wp\/v2\/users\/1"}],"replies":[{"embeddable":true,"href":"https:\/\/www.solvang.pt\/index.php\/wp-json\/wp\/v2\/comments?post=1642"}],"version-history":[{"count":16,"href":"https:\/\/www.solvang.pt\/index.php\/wp-json\/wp\/v2\/pages\/1642\/revisions"}],"predecessor-version":[{"id":2360,"href":"https:\/\/www.solvang.pt\/index.php\/wp-json\/wp\/v2\/pages\/1642\/revisions\/2360"}],"wp:attachment":[{"href":"https:\/\/www.solvang.pt\/index.php\/wp-json\/wp\/v2\/media?parent=1642"}],"curies":[{"name":"wp","href":"https:\/\/api.w.org\/{rel}","templated":true}]}}