{"id":1584,"date":"2023-12-01T20:12:54","date_gmt":"2023-12-01T20:12:54","guid":{"rendered":"http:\/\/solvang.pt\/?post_type=product&#038;p=1584"},"modified":"2023-12-02T23:11:32","modified_gmt":"2023-12-02T23:11:32","slug":"asus-tuf-24","status":"publish","type":"product","link":"https:\/\/www.solvang.pt\/index.php\/product\/asus-tuf-24\/","title":{"rendered":"Asus TUF 24&#8243; C"},"content":{"rendered":"\r\n<p><strong>Modelo: <\/strong>Asus TUF 24&#8243;C<br \/><strong>Tamanho:<\/strong> 23.6&#8243;<br \/><strong>Resolu\u00e7\u00e3o M\u00e1xima: <\/strong>1920 x 1080<br \/><strong>Tempo de Resposta: <\/strong>1ms<br \/><strong>Taxa de Atualiza\u00e7\u00e3o: <\/strong>165 Hz<br \/><strong>Formato: <\/strong>curvo<br \/><strong>HDM1:<\/strong> 2<br \/><strong>Display Port:<\/strong> 1<br \/><strong>Ajuste em Altura:<\/strong> n\u00e3o<br \/><strong>Altifalantes:<\/strong> sim<\/p>\r\n","protected":false},"excerpt":{"rendered":"<p>Computador<\/p>\n","protected":false},"featured_media":1585,"template":"","meta":{"_eb_attr":"","neve_meta_sidebar":"","neve_meta_container":"","neve_meta_enable_content_width":"off","neve_meta_content_width":100,"neve_meta_title_alignment":"","neve_meta_author_avatar":"","neve_post_elements_order":"","neve_meta_disable_header":"","neve_meta_disable_footer":"","neve_meta_disable_title":"","_joinchat":[]},"product_cat":[40],"product_tag":[],"class_list":{"0":"post-1584","1":"product","2":"type-product","3":"status-publish","4":"has-post-thumbnail","6":"product_cat-computadores","8":"first","9":"onbackorder","10":"taxable","11":"shipping-taxable","12":"purchasable","13":"product-type-simple"},"_links":{"self":[{"href":"https:\/\/www.solvang.pt\/index.php\/wp-json\/wp\/v2\/product\/1584","targetHints":{"allow":["GET"]}}],"collection":[{"href":"https:\/\/www.solvang.pt\/index.php\/wp-json\/wp\/v2\/product"}],"about":[{"href":"https:\/\/www.solvang.pt\/index.php\/wp-json\/wp\/v2\/types\/product"}],"wp:featuredmedia":[{"embeddable":true,"href":"https:\/\/www.solvang.pt\/index.php\/wp-json\/wp\/v2\/media\/1585"}],"wp:attachment":[{"href":"https:\/\/www.solvang.pt\/index.php\/wp-json\/wp\/v2\/media?parent=1584"}],"wp:term":[{"taxonomy":"product_cat","embeddable":true,"href":"https:\/\/www.solvang.pt\/index.php\/wp-json\/wp\/v2\/product_cat?post=1584"},{"taxonomy":"product_tag","embeddable":true,"href":"https:\/\/www.solvang.pt\/index.php\/wp-json\/wp\/v2\/product_tag?post=1584"}],"curies":[{"name":"wp","href":"https:\/\/api.w.org\/{rel}","templated":true}]}}