{"id":1912,"date":"2023-12-09T19:21:13","date_gmt":"2023-12-09T19:21:13","guid":{"rendered":"http:\/\/solvang.pt\/?post_type=product&#038;p=1912"},"modified":"2023-12-12T18:01:29","modified_gmt":"2023-12-12T18:01:29","slug":"servico-sage-avenca-2h-mes","status":"publish","type":"product","link":"https:\/\/www.solvang.pt\/index.php\/product\/servico-sage-avenca-2h-mes\/","title":{"rendered":"Servi\u00e7os de Software &#8211; Setup inicial"},"content":{"rendered":"<p>Pre\u00e7o especial em conjunto com a aquisi\u00e7\u00e3o de Software Sage.<br \/>\nServi\u00e7o de configura\u00e7\u00e3o inicial de Software de Gest\u00e3o.<br \/>\nServi\u00e7o Remoto ou Presencial.<br \/>\nExclui Desloca\u00e7\u00e3o.<br \/>\nO tempo necess\u00e1rio dever\u00e1 ser escolhido em coordena\u00e7\u00e3o com a equipa t\u00e9cnica.<\/p>\n","protected":false},"excerpt":{"rendered":"<p>Pre\u00e7o especial em conjunto com a aquisi\u00e7\u00e3o de Software Sage. Servi\u00e7o de configura\u00e7\u00e3o inicial de Software de Gest\u00e3o. Servi\u00e7o Remoto ou Presencial. Exclui Desloca\u00e7\u00e3o. O tempo necess\u00e1rio dever\u00e1 ser escolhido em coordena\u00e7\u00e3o com a equipa t\u00e9cnica.<\/p>\n","protected":false},"featured_media":1936,"template":"","meta":{"_eb_attr":"","neve_meta_sidebar":"","neve_meta_container":"","neve_meta_enable_content_width":"off","neve_meta_content_width":100,"neve_meta_title_alignment":"","neve_meta_author_avatar":"","neve_post_elements_order":"","neve_meta_disable_header":"","neve_meta_disable_footer":"","neve_meta_disable_title":"","_joinchat":[]},"product_cat":[52],"product_tag":[],"class_list":{"0":"post-1912","1":"product","2":"type-product","3":"status-publish","4":"has-post-thumbnail","6":"product_cat-servicos","8":"first","9":"onbackorder","10":"sale","11":"virtual","12":"taxable","13":"purchasable","14":"product-type-simple"},"_links":{"self":[{"href":"https:\/\/www.solvang.pt\/index.php\/wp-json\/wp\/v2\/product\/1912","targetHints":{"allow":["GET"]}}],"collection":[{"href":"https:\/\/www.solvang.pt\/index.php\/wp-json\/wp\/v2\/product"}],"about":[{"href":"https:\/\/www.solvang.pt\/index.php\/wp-json\/wp\/v2\/types\/product"}],"wp:featuredmedia":[{"embeddable":true,"href":"https:\/\/www.solvang.pt\/index.php\/wp-json\/wp\/v2\/media\/1936"}],"wp:attachment":[{"href":"https:\/\/www.solvang.pt\/index.php\/wp-json\/wp\/v2\/media?parent=1912"}],"wp:term":[{"taxonomy":"product_cat","embeddable":true,"href":"https:\/\/www.solvang.pt\/index.php\/wp-json\/wp\/v2\/product_cat?post=1912"},{"taxonomy":"product_tag","embeddable":true,"href":"https:\/\/www.solvang.pt\/index.php\/wp-json\/wp\/v2\/product_tag?post=1912"}],"curies":[{"name":"wp","href":"https:\/\/api.w.org\/{rel}","templated":true}]}}